
In base 7, what is -33344440 + 3?
-33344434
In base 8, what is 543 - 45304?
-44541
In base 8, what is -27572 - -6445?
-21125
In base 13, what is -2c9 + -177ba8?
-1781a4
In base 16, what is 1 + 1bc83b?
1bc83c
In base 16, what is 4 + 5218f7?
5218fb
In base 4, what is 0 + 10231100131?
10231100131
In base 13, what is -4 + -2b43498c?
-2b434993
In base 5, what is -41 + 133334431?
133334340
In base 3, what is -212 - 2111220202?
-2111221121
In base 15, what is -5 + 5be812?
5be80c
In base 4, what is 301332 + -12302?
223030
In base 13, what is 6002a41 + 5?
6002a46
In base 11, what is 3a + -399206a?
-3992030
In base 9, what is 0 + -2747202?
-2747202
In base 7, what is 146533224 - -21?
146533245
In base 2, what is 10101001 + -111100000011?
-111001011010
In base 13, what is 7 + -60758a?
-607583
In base 15, what is -39057 - -27?
-39030
In base 2, what is 1 - -100000000000110110010110?
100000000000110110010111
In base 14, what is -2 + -c565d1?
-c565d3
In base 13, what is 30c16a63 - 1?
30c16a62
In base 10, what is -24892470 - 4?
-24892474
In base 16, what is -b + a3c6b?
a3c60
In base 10, what is -2410143 + -31?
-2410174
In base 11, what is 1 + 2720395?
2720396
In base 15, what is ca42203 + -4?
ca421ee
In base 10, what is 3919371 + 5?
3919376
In base 10, what is 4 + -457415?
-457411
In base 3, what is -10010122011 - -20111210?
-2220010101
In base 5, what is 401024401 - 2?
401024344
In base 7, what is 1635 - -3010514?
3012452
In base 12, what is -269b413 + 3?
-269b410
In base 16, what is 58532 - -8?
5853a
In base 3, what is 111220212100 + -2012?
111220210011
In base 8, what is 7663410 - -5?
7663415
In base 8, what is 1773276 - -175?
1773473
In base 13, what is -53c - 124c?
-178b
In base 3, what is 21111020201012122 + 12?
21111020201012211
In base 12, what is 17a30a5 + 2?
17a30a7
In base 9, what is 572171 - 11?
572160
In base 13, what is 170 - -1388a?
13a2a
In base 3, what is 2 + -11211121211122?
-11211121211120
In base 14, what is 7 - -544d85?
544d8c
In base 13, what is -300ac00 + 7?
-300abc6
In base 6, what is -322 - -2424133?
2423411
In base 5, what is 3 - 3212401103?
-3212401100
In base 12, what is 140b67 - 1b?
140b48
In base 11, what is -9236a7 - -10?
-923697
In base 11, what is -1193099 + 38?
-1193061
In base 10, what is -5 - -34225532?
34225527
In base 15, what is -191 + -24c0b?
-24d9c
In base 3, what is -121002212200102220 + 12?
-121002212200102201
In base 12, what is 7287 + -354b7?
-2a230
In base 15, what is -8ba - -ba?
-800
In base 10, what is -1195 + -155171?
-156366
In base 10, what is -10782460 - 11?
-10782471
In base 6, what is -10 + 31233532?
31233522
In base 6, what is 5500 - -2305151?
2315051
In base 9, what is 12 + 16051580?
16051602
In base 11, what is -12845109 + -8?
-12845116
In base 14, what is 37b + -457d?
-4202
In base 14, what is 7 + b6a14?
b6a1b
In base 14, what is 21888a - 10?
21887a
In base 4, what is -1 - -101130303222?
101130303221
In base 14, what is -159dc18 + -6?
-159dc20
In base 11, what is -15 + 118273?
118259
In base 9, what is -42 - 1124468?
-1124521
In base 8, what is 2 + -1562573162?
-1562573160
In base 10, what is 149551 - 4668?
144883
In base 14, what is 0 + -b11513?
-b11513
In base 15, what is -4d09 - 54b?
-5355
In base 11, what is 8799 - 1140?
7659
In base 16, what is -1 + -d6819?
-d681a
In base 13, what is 6a1c - -8644?
12363
In base 16, what is 3444 + -7?
343d
In base 5, what is -11010 - 3011321?
-3022331
In base 4, what is -130031 - 2323120?
-3113211
In base 16, what is -4a1626 - -4f?
-4a15d7
In base 13, what is -21139 - 2b?
-21167
In base 16, what is -e2 - 5669?
-574b
In base 14, what is 62 + -969179?
-969117
In base 15, what is -9 + -c2e27e?
-c2e288
In base 15, what is -30ea - -4641?
1546
In base 5, what is -234231242241 + 2?
-234231242234
In base 13, what is -7062 + -39c2?
-aa54
In base 13, what is 213996 + 4?
21399a
In base 10, what is 876 - -9831?
10707
In base 5, what is -31420114104 + -1?
-31420114110
In base 4, what is 13232120133 + 10?
13232120203
In base 3, what is 1020100001121 - -101200?
1020100110021
In base 16, what is -3 + -63e015?
-63e018
In base 9, what is -4 + 2117845?
2117841
In base 9, what is -1635043 + 5?
-1635037
In base 15, what is 8e1973 + 12?
8e1985
In base 13, what is -5 + -5bb753?
-5bb758
In base 2, what is 11110101011100111010 + -101010000?
11110101010111101010
In base 6, what is 10400 - -144051?
154451
In base 11, what is 15a - -23250?
233aa
In base 10, what is 67555 - 287?
67268
In base 14, what is 6314 - 21a?
60d8
In base 6, what is 5342222 + 4220?
5350442
In base 10, what is 0 - 17455160?
-17455160
In base 9, what is -13047234 - -21?
-13047213
In base 8, what is -13 - -1053452?
1053437
In base 6, what is 114433114415 + -4?
114433114411
In base 5, what is 442314311 - -4?
442314320
In base 12, what is 3a097 - 1153?
38b44
In base 11, what is 283 - 11243?
-10a70
In base 13, what is 4004cb + -19?
4004b2
In base 6, what is -15 + 31230340?
31230321
In base 11, what is -4 + -1aa89148?
-1aa89151
In base 3, what is 10111022100010 + 10021?
10111022110101
In base 15, what is -2 + 25923edd?
25923edb
In base 7, what is -1236024145 + 3?
-1236024142
In base 7, what is 613525633 + 1?
613525634
In base 9, what is -211303 - -1282?
-210011
In base 16, what is -4f45 + 1dd3?
-3172
In base 7, what is 36 - 1510251?
-1510212
In base 7, what is 1031650 + -3212?
1025435
In base 10, what is 283473 + -470?
283003
In base 4, what is -3102312223 - -10?
-3102312213
In base 6, what is 1545114155 + -13?
1545114142
In base 8, what is 1 + 312334042?
312334043
In base 12, what is -99a2 - 6ba?
-a4a0
In base 12, what is -234 + -23a41?
-24075
In base 10, what is -24 - -3885999?
3885975
In base 8, what is -10167013 + -7?
-10167022
In base 10, what is -2 + 41980623?
41980621
In base 4, what is 0 + 32223012111112?
32223012111112
In base 15, what is 5 + d24a68?
d24a6d
In base 2, what is 1111111001000110110 + 111101001?
1111111010000011111
In base 11, what is 18186 + 3a0a?
21095
In base 9, what is -1 - 35080?
-35081
In base 14, what is -70 - 18d9ab?
-18da3b
In base 7, what is 5521566 + 53?
5521652
In base 16, what is -34 - -2866?
2832
In base 5, what is 43 + 1241024?
1241122
In base 7, what is 2 - 264136156?
-264136154
In base 15, what is -43 - -77a3a6?
77a363
In base 11, what is 44a8a4 - 65?
44a83a
In base 14, what is -5 - -5d42b59?
5d42b54
In base 2, what is -100000 + -1010011100100010?
-1010011101000010
In base 2, what is 1011110110101001110011 - 1?
1011110110101001110010
In base 16, what is c343e + 72?
c34b0
In base 13, what is 7413c + 7a?
741b9
In base 2, what is -101100 + 111100110111011101100?
111100110111011000000
In base 14, what is 5 + -c6bc222?
-c6bc21b
In base 10, what is 1615863 + 16?
1615879
In base 16, what is -2bd2 - 18f?
-2d61
In base 9, what is 8 + -1085610?
-1085601
In base 14, what is 3 - 2d520b?
-2d5208
In base 15, what is 88 + 404ab4?
404b4c
In base 10, what is -2337821 + -103?
-2337924
In base 6, what is 5 + -132500234?
-132500225
In base 4, what is 1 - -30013012031133?
30013012031200
In base 11, what is -1513919 + -8?
-1513926
In base 7, what is 4425456 + -3620?
4421536
In base 15, what is 1b07 + 9ce?
25d6
In base 6, what is -10141053 - 221?
-10141314
In base 7, what is -125 - 3550254?
-3550412
In base 15, what is -4 - -1bb63bd7?
1bb63bd3
In base 15, what is 6071b - 1e?
606ec
In base 7, what is 630556330 + 13?
630556343
In base 13, what is -4c75 - 4a21?
-9996
In base 13, what is 30700 - 1304?
2c3c9
In base 13, what is 122 - -27ba2?
27cc4
In base 14, what is -25 - b5da4?
-b5dc9
In base 8, what is -1274 - -26043?
24547
In base 4, what is 2022121 - 11011012?
-2322231
In base 9, what is -11 - 12648283?
-12648304
In base 9, what is 1381713 + 151?
1381864
In base 11, what is 4457373a - 2?
44573738
In base 5, what is 1300420004404 - -10?
1300420004414
In base 11, what is 270 + -597?
-327
In base 15, what is 5 + 8a9709?
8a970e
In base 13, what is c7245 - 5?
c7240
In base 13, what is -77b - -c97?
519
In base 5, what is 220044122 + -41?
220044031
In base 9, what is -3 - -13123810?
13123806
In base 5, what is 1112 - 220424440?
-220423323
In base 4, what is -202023 - -31121120?
30313031
In base 2, what is -11101000 + 1110111011111100001?
1110111011011111001
In base 12, what is -88b2 - 7b?
-8971
In base 16, what